{"id":834,"date":"2022-08-18T16:53:38","date_gmt":"2022-08-18T16:53:38","guid":{"rendered":"https:\/\/new.idealtoys.be\/?post_type=product&#038;p=834"},"modified":"2026-02-04T16:15:26","modified_gmt":"2026-02-04T16:15:26","slug":"art55-pp-e","status":"publish","type":"product","link":"https:\/\/www.idealtoys.be\/de\/produkt\/art55-pp-e\/","title":{"rendered":"Ref Art51 PP-E"},"content":{"rendered":"<p>Windm\u00fchlen aus Kunststoff mit einem Holzstab von 76 cm L\u00e4nge. Diese Windm\u00fchlen gibt es in 2 Varianten:<\/p>\n<ul>\n<li>Mehrfarbig<\/li>\n<li>Wei\u00df<\/li>\n<\/ul>","protected":false},"excerpt":{"rendered":"<p>Windm\u00fchlen aus Kunststoff mit einem Holzstab von 76 cm L\u00e4nge. Diese Windm\u00fchlen sind in 2 Varianten erh\u00e4ltlich: Mehrfarbig Wei\u00df<\/p>","protected":false},"featured_media":1249,"template":"","meta":{"_acf_changed":false},"product_brand":[],"product_cat":[20],"product_tag":[],"class_list":{"0":"post-834","1":"product","2":"type-product","3":"status-publish","4":"has-post-thumbnail","6":"product_cat-windmolens","7":"product_shipping_class-30st-per-doos","9":"first","10":"instock","11":"taxable","12":"shipping-taxable","13":"product-type-variable"},"acf":[],"_links":{"self":[{"href":"https:\/\/www.idealtoys.be\/de\/wp-json\/wp\/v2\/product\/834","targetHints":{"allow":["GET"]}}],"collection":[{"href":"https:\/\/www.idealtoys.be\/de\/wp-json\/wp\/v2\/product"}],"about":[{"href":"https:\/\/www.idealtoys.be\/de\/wp-json\/wp\/v2\/types\/product"}],"wp:featuredmedia":[{"embeddable":true,"href":"https:\/\/www.idealtoys.be\/de\/wp-json\/wp\/v2\/media\/1249"}],"wp:attachment":[{"href":"https:\/\/www.idealtoys.be\/de\/wp-json\/wp\/v2\/media?parent=834"}],"wp:term":[{"taxonomy":"product_brand","embeddable":true,"href":"https:\/\/www.idealtoys.be\/de\/wp-json\/wp\/v2\/product_brand?post=834"},{"taxonomy":"product_cat","embeddable":true,"href":"https:\/\/www.idealtoys.be\/de\/wp-json\/wp\/v2\/product_cat?post=834"},{"taxonomy":"product_tag","embeddable":true,"href":"https:\/\/www.idealtoys.be\/de\/wp-json\/wp\/v2\/product_tag?post=834"}],"curies":[{"name":"wp","href":"https:\/\/api.w.org\/{rel}","templated":true}]}}

<p>Windmühlen aus Kunststoff mit einem Holzstab von 76 cm Länge. Diese Windmühlen gibt es in 2 Varianten:</p>
<ul>
<li>Mehrfarbig</li>
<li>Weiß</li>
</ul>

<p>Windmühlen aus Kunststoff mit einem Holzstab von 76 cm Länge. Diese Windmühlen sind in 2 Varianten erhältlich: Mehrfarbig Weiß</p>
